-12) + 38/(-12)*-1. Suppose x + j*i - 25 = 0, 5*x + i - 3*i - 210 = 0. Calculate the remainder when x is divided by 21.
19
Suppose 2*y + 136 = -56. Suppose -3*u - 1133 = -947. Let p = u - y. Calculate the remainder when p is divided by 18.
16
Let t = -537 - -786. What is the remainder when t is divided by 12?
9
Suppose 3*p + 9 = 0, 3*g + 54 = 3*p + 138. Calculate the remainder when (-175)/g*1*-7 is divided by 15.
4
Let b be 44/(-11) - (-8 + 2). Suppose 11 = c + b*w, 65 = 5*c + 3*w + 2*w. What is the remainder when c is divided by 9?
6
Suppose 0 = -2*w + 2*b + 110, b - 51 = -4*w + 3*w. Let k = 65 - w. Calculate the remainder when 23 is divided by k.
11
Let a = 4 + 0. Suppose 29 = 4*d - a*l - 47, 3*d + 3*l - 69 = 0. Suppose 0 = -o + 4*o - 33. What is the remainder when d is divided by o?
10
Let d(p) = p**2 + 2*p - 5. Let f be d(-5). Suppose 5*k = -19 - 1. Let g = f - k. Calculate the remainder when 55 is divided by g.
13
Let d(u) = -11*u + 140. Calculate the remainder when 186 is divided by d(8).
30
Let t = -22 + 31. Calculate the remainder when 35 is divided by t.
8
Let p be (-1)/((1 + 2)/(-15)). Let v = 6 + 1. Suppose -2*q = -o + p*o - 18, -3*q = -4*o - v. What is the remainder when 3 is divided by o?
1
Suppose 0 = -3*d + 36 - 0. Let i = 118 + -122. What is the remainder when 3 + 13 + 9 + i is divided by d?
9
Suppose -78 = -5*s + 2*s. Let n = 82 - -6. What is the remainder when n is divided by s?
10
Suppose -2*g - 8 = 4*s, g = -5*s - 7 - 6. Calculate the remainder when 9 is divided by (192/(-34))/s + 12/102.
1
Suppose 5*l - 3*z = 45, l - 6 - 3 = -z. Let x = 255 - 213. Calculate the remainder when x is divided by l.
6
Suppose -229 = -21*q + 1766. Calculate the remainder when q is divided by 55.
40
Let d(i) = -i + 75. Let s = 0 - 2. What is the remainder when d(19) is divided by 183/12 + s/8?
11
Let w = 305 + -172. Calculate the remainder when w is divided by 70.
63
Let z(f) = -f**2 + 14*f - 2. Calculate the remainder when 59 is divided by z(7).
12
What is the remainder when (-7)/(-98)*7*1458/3 is divided by 63?
54
Let f be 60/25 - 2 - 1154/10. Let a = -101 - f. Calculate the remainder when 48 is divided by a.
6
Let q = 496 + -464. Calculate the remainder when q is divided by 23.
9
Suppose 4*p = -0*p + 744. What is the remainder when p is divided by 43?
14
Let g be 0 - -3*(-10)/15. What is the remainder when g - (-2)/1 - (-444)/6 is divided by 30?
14
Let o = 601 + -436. What is the remainder when o is divided by 40?
5
Let g = 318 + -182. What is the remainder when g is divided by 30?
16
Let l(d) be the third derivative of -d**4/2 - 5*d**3/6 - 9*d**2. What is the remainder when 54 is divided by l(-1)?
5
Suppose 6*j = 3*j + 12. Suppose 3*s + j*a - 27 = 0, -a + 23 = 2*s - 0*s. Calculate the remainder when s is divided by 4.
1
Let z(u) = -u - 7. Let t(a) = a + 2. Let l(f) = -3*t(f) - z(f). Let g be 1 - (2 - 3) - 9. Calculate the remainder when 59 is divided by l(g).
14
Let x(n) = n**3 - 10*n**2 + 13*n - 1. Let k(d) = -d + 10. What is the remainder when x(9) is divided by k(-10)?
15
Suppose -5*z = -5*c - 195, 0 = -5*z + c + 45 + 138. Suppose -6 - z = -y. Calculate the remainder when y is divided by (-2)/4*2*-9.
6
Let a(w) = w**3 + 14*w**2 + 46*w - 10. Suppose 15 = t + 4*z, -3*t = -2*z + 3*z - 78. Calculate the remainder when t is divided by a(-8).
3
Suppose 2*x - 8*x = 0. Suppose 3*o + 2*y - 126 = -3*y, -5*y = x. What is the remainder when o is divided by 11?
9
Let u(r) = -24*r - 70. Calculate the remainder when u(-22) is divided by 51.
50
Calculate the remainder when (-5 + (-20)/(-3))*129 is divided by 8.
7
Let l(n) = n**2 + 17*n + 50. Suppose 73 = -5*q + 3*y - 4*y, -2*y - 41 = 3*q. Calculate the remainder when 98 is divided by l(q).
18
Suppose 15*u - 35 = 13*u - 5*v, -3*u - 4*v = -49. Calculate the remainder when 328 is divided by u.
13
Let o = -92 + 117. Let y(v) be the second derivative of -2*v**5/5 - v**4/12 - 2*v. Calculate the remainder when o is divided by y(-1).
4
Let m(a) = a**3 + 7*a**2 + 6*a. Let j be m(-6). Let q = j - -5. Suppose -2*y + 10 = 5*i - q*y, 4*y = 4*i. What is the remainder when 14 is divided by i?
4
Let q(z) = z**2 - 4*z + 3. Let d = 20 + -34. Let w = 20 + d. What is the remainder when q(w) is divided by 6?
3
Suppose 25*s - 24*s = 43. Let b = 59 + -44. What is the remainder when s is divided by b?
13
Suppose c - 300 = -5*c. Calculate the remainder when 97 is divided by c.
47
Suppose -4*u = -3 - 5. Suppose 0 = u*y + 4*f - 62, 0 = y - 0*f - f - 22. What is the remainder when y is divided by 10?
5
Let g(f) = 58*f + 59. Calculate the remainder when g(5) is divided by 88.
85
Let t(a) = -4*a + 13. Let v be t(0). What is the remainder when 81 is divided by v + 1 + 4/12*0?
11
Let r be (-25 - -24)*(-302)/(-4)*-2. Suppose r - 38 = p. Calculate the remainder when p is divided by 19.
18
Suppose 0 = -z - 9*z + 20. What is the remainder when (5/6*z)/((-17)/(-765)) is divided by (-2 - -1)/(4/(-76))?
18
Suppose 5*d - 3*o + 19 = -11, -o + 30 = -5*d. Let i(f) = -f**3 - 7*f**2 - 8*f - 4. Calculate the remainder when 516/40 - (-7)/70 is divided by i(d).
5
Let q(o) = o**2 + o + 31. Let z = 25 - 23. Calculate the remainder when 124 + 1 - (4 - z) is divided by q(0).
30
Let h = 12 - 7. Let a = h - -5. Suppose -2*t + a = -40. What is the remainder when 47 is divided by t?
22
Suppose -2*v + 3*v = 3. Suppose 3*x - 27 = -v*p, -p - 2*p + x + 27 = 0. What is the remainder when (-2)/8 - (-1781)/52 is divided by p?
7
Let c = 34 - 21. What is the remainder when 69 is divided by c?
4
Suppose -83*x = -62*x - 14679. Calculate the remainder when x is divided by 100.
99
Suppose 3*z + 1188 = 25*z. What is the remainder when 205 is divided by z?
43
Let f be (-1 - -3) + (-5)/((-15)/(-9)). Calculate the remainder when 26 is divided by -27*f/(-6)*-2.
8
Calculate the remainder when 297/4 + (-3 + 0)/12 is divided by 19.
17
Suppose 0 = 296*i - 293*i - 60. What is the remainder when 497 is divided by i?
17
Suppose -60 + 176 = 4*c. What is the remainder when 115 is divided by c?
28
Suppose 83*n - 228 = 45*n. Let l(z) = 3*z**2 + z + 3. Calculate the remainder when l(3) is divided by n.
3
Calculate the remainder when (-9 - -17)/((-2)/(-1))*30 is divided by 42.
36
Suppose 0 = -3*s - 9 + 12. Suppose -3*y - s = p - 17, -5*p = 25. What is the remainder when 27 is divided by y?
6
Let n = -1537 + 1554. Calculate the remainder when 111 is divided by n.
9
Let c(h) = 16*h**2 - 100*h - 580. Calculate the remainder when c(-6) is divided by 25.
21
Suppose 4*t - 7 = r - 16, 15 = 4*r + 5*t. Suppose -2*q + r*q + h - 216 = 0, 77 = q + 2*h. Calculate the remainder when q is divided by 15.
11
Suppose -136 = 7*r - 9*r. Suppose 9 = m + 14, -m + 135 = 4*z. Calculate the remainder when r is divided by z.
33
Let l = 1 - -5. Suppose 4*n = -3*m + 9, -n = 5*m - 4*n + 14. Calculate the remainder when (m - -2) + 1*21 is divided by l.
4
Let j(z) = 19*z**2 - z - 3. What is the remainder when j(2) is divided by 24?
23
Let m be (907 - (-4)/2) + -1. Suppose -21*b = -921 + 228. What is the remainder when 6/21 - m/(-7) is divided by b?
31
Let k(n) = 7*n**3 + 12*n**2 - 17*n - 6. What is the remainder when 1215 is divided by k(2)?
63
Let k(a) = -a**2 - a + 12. Let m be k(-3). What is the remainder when 22 is divided by (-3)/(-2*m/36)?
4
Let c = 14 - -10. Let o = 63 + -60. Suppose -o*h + 42 = -5*g, -3*g - 1 = 3*h - 19. What is the remainder when c is divided by h?
6
Suppose -3*p - i - 21 = 0, -p - 2*i - 12 = -0*p. Let q(y) = -7*y + 22. Let c be q(p). Suppose -n - c = -5*n. What is the remainder when 62 is divided by n?
14
Suppose -5*z = 5*i - 5, 2*z + z - 7 = -4*i. Suppose -12 = -i*r, -104 = -4*a - 3*r + 453. Calculate the remainder when a is divided by 35.
32
Let z(i) = -i**3 + 22*i**2 - 25*i - 26. Calculate the remainder when z(19) is divided by 84.
78
Suppose -z - 3*n = 2*z, 10 = 4*z + 2*n. Suppose 4*b - z*b + 2*p = -14, p + 28 = 4*b. Calculate the remainder when 22 is divided by b.
4
Let u(v) = -5*v + 2. Let g be u(-7). Suppose 2*t + g = -451. Calculate the remainder when (-1)/4 - t/16 is divided by 8.
7
Let g(w) = -8*w - 20. Let o be g(10). Calculate the remainder when 49 is divided by ((-4)/5)/(8/o).
9
Let v(w) = -10*w - 3. Suppose 0 = -2*s + 3*x + 50, 0*s + 5*x + 104 = 4*s. Calculate the remainder w